{"id":2,"date":"2016-05-10T03:48:21","date_gmt":"2016-05-10T03:48:21","guid":{"rendered":"https:\/\/wp-blog.filmuebersetzen.de\/?page_id=2"},"modified":"2024-01-07T16:05:22","modified_gmt":"2024-01-07T16:05:22","slug":"welcome-to-our-blog-on-audiovisual-translation","status":"publish","type":"page","link":"https:\/\/blog.avue-ev.de\/?page_id=2","title":{"rendered":"Willkommen auf unserem Blog zur audiovisuellen \u00dcbersetzung!"},"content":{"rendered":"\n<p>In diesem Blog ver\u00f6ffentlichen AV\u00dc-Mitglieder Beitr\u00e4ge zum Thema audiovisuelle \u00dcbersetzung. Hier finden Sie unsere Ideen,&nbsp;Einblicke, Analysen, Meinungen und aktuellen Informationen. Der Blog dient als Plattform, auf der die j\u00fcngsten Entwicklungen, Herausforderungen und Erfolge der audiovisuellen \u00dcbersetzungsbranche diskutiert werden.&nbsp;<\/p>\n\n\n\n<p>Wir freuen uns, wenn Sie unsere Blogbeitr\u00e4ge teilen und kommentieren, ganz gleich, ob Sie selbst als audiovisuelle*r \u00dcbersetzer*in oder Sprachdienstleister*in t\u00e4tig sind&nbsp;oder sich einfach so f\u00fcr das Thema interessieren.<\/p>\n\n\n\n<p>Vielen Dank f\u00fcr Ihr Feedback!<\/p>\n\n\n\n<h2 class=\"wp-block-heading has-regular-font-size\">die Film\u00fcbersetzer*innen<\/h2>\n","protected":false},"excerpt":{"rendered":"<p>In diesem Blog ver\u00f6ffentlichen AV\u00dc-Mitglieder Beitr\u00e4ge zum Thema audiovisuelle \u00dcbersetzung. Hier finden Sie unsere Ideen,&nbsp;Einblicke, Analysen, Meinungen und aktuellen Informationen. Der Blog dient als Plattform, auf der die j\u00fcngsten Entwicklungen, Herausforderungen und Erfolge der audiovisuellen \u00dcbersetzungsbranche diskutiert werden.&nbsp; Wir freuen uns, wenn Sie unsere Blogbeitr\u00e4ge teilen und kommentieren, ganz gleich, ob Sie selbst als audiovisuelle*r [&hellip;]<\/p>\n","protected":false},"author":1,"featured_media":0,"parent":0,"menu_order":0,"comment_status":"closed","ping_status":"closed","template":"","meta":{"footnotes":""},"class_list":["post-2","page","type-page","status-publish","hentry","post-preview"],"_links":{"self":[{"href":"https:\/\/blog.avue-ev.de\/index.php?rest_route=\/wp\/v2\/pages\/2","targetHints":{"allow":["GET"]}}],"collection":[{"href":"https:\/\/blog.avue-ev.de\/index.php?rest_route=\/wp\/v2\/pages"}],"about":[{"href":"https:\/\/blog.avue-ev.de\/index.php?rest_route=\/wp\/v2\/types\/page"}],"author":[{"embeddable":true,"href":"https:\/\/blog.avue-ev.de\/index.php?rest_route=\/wp\/v2\/users\/1"}],"replies":[{"embeddable":true,"href":"https:\/\/blog.avue-ev.de\/index.php?rest_route=%2Fwp%2Fv2%2Fcomments&post=2"}],"version-history":[{"count":8,"href":"https:\/\/blog.avue-ev.de\/index.php?rest_route=\/wp\/v2\/pages\/2\/revisions"}],"predecessor-version":[{"id":110,"href":"https:\/\/blog.avue-ev.de\/index.php?rest_route=\/wp\/v2\/pages\/2\/revisions\/110"}],"wp:attachment":[{"href":"https:\/\/blog.avue-ev.de\/index.php?rest_route=%2Fwp%2Fv2%2Fmedia&parent=2"}],"curies":[{"name":"wp","href":"https:\/\/api.w.org\/{rel}","templated":true}]}}